(-2)/(-36)). Suppose 3*u - 51 = 3*r, -y*u + u + 3*r = -79. Is p(u) prime?
False
Let b(g) = g**3 + 10*g**2 - 7*g - 15. Let a be b(-8). Suppose x - a - 161 = h, -1665 = -5*x + 2*h. Is x composite?
True
Let z be ((14 + -26)*(-1)/(-3))/1. Let v(l) = 2*l**2 - 5 - l - 2*l**2 + 3*l**2. Is v(z) composite?
False
Suppose 13*c + 44 = 17*c. Is 977/c - 2 - 4/(-22) prime?
False
Let k(m) = 448*m + 6. Let u be k(-9). Is ((6/(-9))/1)/(4/u) a prime number?
False
Let g(d) = 13*d + 8803. Is g(0) composite?
False
Let z(i) = -27*i**3 + i**2 - i - 2. Let l be z(2). Let t = -53 - l. Is t a composite number?
False
Suppose 9667 = 2*u + 3*g, 2*u - g = 14490 - 4835. Is u a prime number?
False
Let i(l) = l**3 + 42*l**2 + 26*l + 16. Let w be i(-19). Let t = -4186 + w. Is t composite?
True
Let i(c) = -2 - 7*c - c**2 - 3*c**2 + 3*c**2. Let y be i(-5). Suppose -y*p + 3*p = -345. Is p prime?
False
Is 50 + -48 - (-1655)/1 a composite number?
False
Suppose -28*c = -25*c - 12. Let d(o) = 4*o**3 - 5*o**2 + 4*o - 1. Is d(c) prime?
True
Let o(l) = l**2 + l + 6. Let r be o(12). Suppose j - 411 = r. Suppose -4*d + d + j = 0. Is d prime?
True
Let v(q) = q**3 + 7*q + 18169. Is v(0) a composite number?
False
Let z(o) = 47*o**2 - 34*o + 80. Is z(-31) a prime number?
True
Let l(b) = 80*b - 1. Let v(n) = -n + 7. Let o = 6 + 0. Let f be v(o). Is l(f) a composite number?
False
Let j = -36 + 40. Is 2/j*(-5 - -8171)/3 a composite number?
False
Let b(r) = -r**3 - 13*r**2 - 48*r + 131. Is b(-34) a prime number?
False
Let u be (0 + 10)*(-6)/(60/(-5275)). Suppose -u = -6*d + d. Is d a composite number?
True
Is 20180 + -21*6/18 a composite number?
False
Suppose -156*o - 66970 = -5*i - 159*o, 4*i - 53568 = -4*o. Is i a composite number?
False
Suppose h + 4 - 2 = 2*o, 0 = -4*o + h + 8. Suppose 0 = 2*b - o*b + 635. Is b a composite number?
True
Let b(j) = -3*j**3 - 283 + 0*j + 11*j**2 + 292 + 9*j + 0*j. Is b(-7) prime?
False
Let r(n) = -16*n**3 + 4*n**2 - 213*n - 17. Is r(-14) a composite number?
False
Is (2667/(-42))/(2 - (-45)/(-22)) composite?
True
Let r(i) = 2*i**2 + 4*i + 3. Let u be r(-2). Suppose -261 - 18 = -u*n. Suppose 0*o - n = -3*o. Is o composite?
False
Suppose -q - 7 = -g, -2*g - 33 = -6*g + 5*q. Suppose g*z + 190 = 6*z - 2*i, 2*i + 6 = 0. Is (z/(-1))/(6/(-21)) a prime number?
False
Let n = -5300 + 8959. Is n a prime number?
True
Suppose 3*f + 1 = 4*h + 3, 4*h + 5*f = 14. Let k = 3 - h. Suppose -k*m + 112 + 210 = 0. Is m a composite number?
True
Let b(l) = 5197*l - 3. Let d be b(3). Suppose -5*z + 3*o = -25994, o + d = 3*z + 2*o. Is z a prime number?
True
Suppose -4*s = -18027 - 24221. Suppose -2*b - 4*t = -s, -4*b + 21098 = -9*t + 4*t. Is 2*b/18*3 a composite number?
False
Let v(o) = 3*o**2 + 0*o**2 + 19 + 0*o**2 - 4*o**2. Let u be (-24)/84 + 2/7. Is v(u) prime?
True
Suppose -5*u + 5*r = 370 - 2755, -2*u + 957 = r. Suppose -4*o + 3674 = u. Is o a prime number?
False
Let x(o) = 619*o**2 + 11*o - 21. Is x(2) prime?
True
Suppose -42 = 5*n - 4*i, 15 = -n - 2*i + 1. Let b be 6/(-33) + (-204)/(-33). Is (b/(-9))/(n/885) a prime number?
True
Let f(j) = -j**3 - 5*j**2 + 5*j - 6. Let h be f(-6). Suppose h = 2*x - 7*x + 20. Let m(t) = 22*t - 5. Is m(x) a composite number?
False
Let w = -16057 - -29634. Is w prime?
True
Suppose 3*x = -9 + 33. Let b = x - 8. Suppose -4*l + 16 + 172 = b. Is l a composite number?
False
Suppose 0*t + 4*t - 2*s = 1882, -t - 3*s + 453 = 0. Let m = t - 255. Is m prime?
False
Let y = 93857 - -28898. Is y a prime number?
False
Let i = 17 + -19. Is 12/15*(-415)/i a composite number?
True
Suppose -9799 = -3*k - j, 3*k - 4*j = 7610 + 2169. Is k a prime number?
False
Let z(r) = 14*r**2 + 6*r + 11. Suppose 10 = -5*t, y + 6*t - t = 0. Is z(y) composite?
False
Let j(q) = q**3 + q**2 - q - 7. Let z be j(0). Let u(l) = 2*l**2 + 4*l + 9. Is u(z) composite?
False
Suppose -2*u - 4*t + 1 = -5*t, -3*u + 3*t - 3 = 0. Let s(m) = -1203*m + 34*m**u + 6 + 11*m**2 + 1199*m. Is s(-5) a composite number?
False
Suppose 0 = -k - 3*g + 2435, -k = 2*k - 5*g - 7361. Is k a prime number?
True
Suppose 0*u + 6*u = 0. Suppose u = -4*g - 3*r + 15 + 12, 36 = 5*g + 3*r. Is g a prime number?
False
Let p be (-364)/(-2) + (-1 - 2). Is p*(3 + 0 + -2) a prime number?
True
Suppose -1 - 3 = i. Is 12/i*(-331)/3 a composite number?
False
Let x = 160 + 427. Is x prime?
True
Suppose -k + 18 = 4*n, 2*n = -2*k + 3*k + 6. Is 2 + 5 - n - -328 a composite number?
False
Let r = 7510 + -3531. Is r composite?
True
Let f be (-4)/10 - (-59295)/(-75). Let h be f/(-13) - 4/(-26). Suppose 3*i - h - 860 = 0. Is i a prime number?
True
Let i(l) = -1436*l - 35. Is i(-8) a prime number?
False
Let d be (401 + 5)*2/(-4). Let a be 3 + (-3 - 3) + d. Let o = -129 - a. Is o a prime number?
False
Let j(v) = 67*v**3 + 5*v**2 - 4*v - 6. Let o be j(4). Suppose -20*z + 22*z = o. Is z a prime number?
False
Is (2 - (-9453)/(-6))*-2 a composite number?
True
Suppose 86*h + 328365 = 101*h. Is h a prime number?
False
Suppose 0 = -5*p - 53 - 12. Let u(i) = -13*i + 10 - 2 + 0. Is u(p) prime?
False
Let s = 78 - 141. Let y = 148 + s. Is y a composite number?
True
Suppose 2*x + 11880 = 33254. Is x prime?
True
Let o(a) = 18*a**2 + 3. Let w(f) = 1. Let s(g) = o(g) - 6*w(g). Is s(-2) composite?
True
Let d be 0/((6/(-3))/(-1)). Let m be (6/4 + d)*2. Suppose 3*r = w + 1183, -4*r + 5*w - m*w + 1576 = 0. Is r prime?
False
Let x be (-13193)/(-3) - 2/(-6). Suppose 877 = 5*p - x. Is p composite?
True
Let w be 483/4 + 3/(-4). Let l be (-4)/(-14) + w/21. Suppose -3*a + 2*g + 113 = 0, l*g = -a + g + 49. Is a a composite number?
True
Suppose 356*c - 317*c - 833313 = 0. Is c a composite number?
True
Let l(x) = -59*x**3 + 12*x**2 + 11*x + 1. Is l(-5) a composite number?
False
Let c be (-15 - -9)/(3/(-2)). Suppose -5*o + 11 = -c*v, -v + 6*v + 5*o = 20. Is (v*-79)/(-2 - -1) a prime number?
True
Suppose -x - 3*x + 4*o = -5840, 0 = -x + 2*o + 1463. Is x prime?
False
Let z be (-1 - 2) + 0 - -159. Let m = -28 - z. Let t = 261 + m. Is t a prime number?
False
Let p(m) = 20*m. Let x be p(1). Suppose -22*z + x*z - 12 = 0. Is (3/z)/(1/(-3194)) a prime number?
True
Suppose 3*s = -3*s + 660. Let h = -551 + 1072. Let i = s + h. Is i prime?
True
Let r(i) = -165*i**2 + 2*i - 1. Let y be r(1). Let c = y - -345. Is c a prime number?
True
Suppose 0 = 31*j - 51*j + 42060. Is j a composite number?
True
Let j be 12 - (-1 - -1*4). Suppose 3*i = 9, 34 = 2*c + 5*i + j. Suppose 2*a = -c*b + 1467, 0*b - 4*b + 4*a + 1168 = 0. Is b a prime number?
True
Suppose -24*m = -31*m + 68369. Is m a composite number?
False
Let p(x) = 36*x**2 - 2*x + 1. Let v be p(1). Suppose 2*s - v - 291 = 0. Is s composite?
False
Let f(x) = 12*x + 119. Is f(14) composite?
True
Let v = -4702 + 10899. Is v a composite number?
False
Let r = -6040 + 10151. Is r composite?
False
Let h(o) = -o**3 - 6*o**2 - 3*o + 10. Let q be h(-5). Suppose q = 2*b + 4*b - 1146. Is b composite?
False
Is 9111*(-4)/84*-7 a composite number?
False
Let o be 0/(4/(-1 + -1)). Suppose -2*t - i = -6*t + 231, o = -5*t + 5*i + 300. Let l = t + -22. Is l a prime number?
False
Let o(p) = p**2 - 3*p - 15. Let q be o(-4). Is ((-239)/5)/(q/(-325)) a composite number?
True
Let k = 3029 + 8628. Is k composite?
False
Let o(v) = 135*v**2 + 37*v - 79. Is o(11) composite?
True
Suppose -3 + 4 = h. Suppose -399 = -i - h. Suppose 5*m - 1013 = -i. Is m prime?
False
Let g(k) = -8*k - 29. Let i be g(-12). Let f(l) = l**3 + 138. Let z be f(0). Let x = i + z. Is x prime?
False
Let i(z) = -6*z**2 - 12*z - 38. Let j be i(-12). Let r = j + 1511. Is r prime?
False
Let l be -2*(-3)/((-18)/(-75)). Let f = -22 + l. Suppose f - 229 = -2*r. Is r a prime number?
True
Suppose 2*k - 4*h - 24086 = 0, 4*k - 48186 = 17*h - 16*h. Is k a composite number?
True
Let k = 50915 - 32700. Is k a prime number?
False
Let w = 128377 + -55476. Is w composite?
False
Suppose -4*w = -7*w + 219. Let o = 106 + w. Is o prime?
True
Suppose 0*j + 2*j - 538 = 0. Suppose -d + 5*a = -j, 205 = d - 3*a - 60. Is d a prime number?
False
Suppose 13*k = c + 14*k - 24791, 2*c - 49586 = -3*k. Is c a prime number?
False
Suppose -2*r - 2 = -4*r. Suppose 0 = -p - 4*d - 13, p + 2*d + 4 = r. Suppose 235 = p*y - 2*y + 3*c, 5*c = 0. Is y a composite number?
False
Let d(w) = -2*w**2 + 6*w + 20. Let p be d(5). Suppose 3*o = -s